= -n**3 + 4*n**2 + 1. Let j be w(4). Suppose 3*x - j = -f + 3, 2*f - 1 = x. What is the tens digit of ((-15)/(-6) - x)*12?
1
Let m = -1231 - -2270. What is the units digit of m?
9
Suppose -20*g = -13*g - 1519. What is the units digit of g?
7
Suppose 0 = 2*y + 10*y - 6084. What is the tens digit of y?
0
What is the thousands digit of (962/(-182) - (-2)/7) + 1185?
1
Let j(y) = y + 10. Let r be j(10). Let b = r - 44. Let u = b + 59. What is the tens digit of u?
3
Suppose 28 = 5*x + 3. Suppose 266 = -0*r + 3*r + x*s, -3*r + s = -260. What is the tens digit of r?
8
Let g = 367 + -167. What is the tens digit of g?
0
Suppose -1337 = -n - 6*n. What is the units digit of n?
1
Let t(y) = 127*y**2 - y - 15. What is the units digit of t(-3)?
1
Suppose 2*v + 7*s - 1062 = 3*s, -4*v = -3*s - 2168. What is the units digit of v?
9
Let m(v) = -v - 14. Let o be m(-8). Let z be 4/o + (-116)/(-12). Let s(f) = -f**3 + 10*f**2 - 6*f - 3. What is the tens digit of s(z)?
2
What is the thousands digit of (-12)/9 + 58008/36?
1
Let y(x) be the second derivative of 7*x**4/12 - x**3/2 - 7*x**2/2 - 21*x. What is the units digit of y(-3)?
5
Let v = 74 + 238. What is the units digit of v?
2
Let c(w) = w**3 - 14*w**2 + 23*w - 14. Let m be c(13). Suppose -2*k + 4*s = -m, k = -5*s + 5 + 39. What is the tens digit of k?
5
Let a be (4/(-2))/(-1) - 10. Let i(o) be the second derivative of o**4/12 + o**3 + 2*o**2 - o. What is the units digit of i(a)?
0
Suppose 0 = y - 3*y - 3*f + 1133, y = -4*f + 559. What is the units digit of y?
1
Suppose -o - 4*o = 0. Suppose -5*p - m + 32 + 2 = o, 4*p - 36 = -3*m. What is the units digit of p?
6
Suppose 8911 = 7*t + 553. What is the hundreds digit of t?
1
Suppose -3*k + 4 = -5. Suppose -3*a + k*d + 252 = -d, d = 0. What is the units digit of a?
4
Suppose 93*z = 63*z + 149580. What is the tens digit of z?
8
Let r = 285 - 130. What is the units digit of r?
5
Let o = -9 + 13. Suppose -3 = 3*j - 0*j, -o*j = -2*i + 14. Suppose -3*v + 2*v + 30 = i*s, 0 = -4*s - 2*v + 24. What is the units digit of s?
6
Let i be 39/(-2)*4/(-6). Suppose -12*n - i = -13*n. What is the units digit of n?
3
Suppose 0 = -10*w + 14*w - 12. What is the units digit of w - (199/(-4) + 6/8)?
2
Let u be (-4)/(-14) - 186/14. Let p(k) = k**2 + 4*k - 1. Let s(t) = -2*t + 1. Let o(r) = p(r) - 3*s(r). What is the tens digit of o(u)?
3
Suppose -5*t = -10*t + 4865. What is the units digit of t?
3
Let w(c) = 2*c**2 - 15*c + 8. Let s be w(-7). Suppose 3*v - v = -o + 49, s = 4*o + 5*v. What is the tens digit of o?
5
Suppose t = 2*t - 3. Suppose -4*l = -3*w + 12, t*w - l - 3 = 2*w. Suppose w = -4*n - 3*i + 37, 3 = i - 0. What is the units digit of n?
7
Suppose -913 + 3145 = 8*p. What is the hundreds digit of p?
2
Let y = 2685 - 1582. What is the units digit of y?
3
Suppose 0*i - 4*i + a + 1511 = 0, -4*a - 12 = 0. What is the tens digit of i?
7
Let g(f) = -3*f + 4. Let x(t) = 5*t + 8. Let k be x(-3). What is the units digit of g(k)?
5
Let m = -64 - -67. Suppose -3*q - 52 = -3*o + 29, -2*o + 69 = m*q. What is the tens digit of o?
3
What is the hundreds digit of 1 - ((3 - 1 - -4) + -1575)?
5
Let m(t) = -4*t**2 - 5*t - 5. Let x be m(3). Let f = 103 - x. What is the units digit of f?
9
Suppose 2*z - 2 = -0*z, -5*z + 4136 = 3*b. What is the units digit of b?
7
Let i = 3138 - 1658. What is the hundreds digit of i?
4
Let o = -406 - -809. What is the tens digit of o?
0
Let y be 1/((-27)/15 + 2). Suppose 0 = 7*o - y*o + 2. What is the units digit of o*(-148)/(1 - -3)?
7
Suppose 2*l - 5 + 9 = 0. Let i be 18/((1 - -1)/l). What is the tens digit of ((-51)/i)/((-4)/(-24))?
1
Suppose -2*y = -6*z + 5*z - 1762, -2*y + 1768 = 2*z. What is the units digit of y?
2
Let k = 22 - -157. What is the hundreds digit of k?
1
What is the units digit of (-21730)/(-371)*56/20?
4
Let r be ((-15)/(-35))/((-2)/(-14)). Suppose 2*f - 4*s - 852 = -f, -s = r. What is the tens digit of f?
8
Suppose 3*j - 3512 = p, 4*j + j - p - 5850 = 0. What is the hundreds digit of j?
1
Suppose -25078 = -28*w - 46. What is the tens digit of w?
9
Suppose 3*r - 17 + 5 = 0, -16 = -4*l + 4*r. Let f(t) = 14*t - 3. Let o be f(l). Suppose o = 5*d - 11. What is the tens digit of d?
2
Let y = 24 - 22. Suppose -67 = -y*k - 2*i - i, 0 = 2*k + 2*i - 62. What is the units digit of k?
6
Let t(q) = -103*q + 13. Let p be t(-2). Let z = -140 + p. What is the tens digit of z?
7
Suppose -m - 5*d + 9 = m, 4 = 4*d. Suppose m*k = 134 + 46. What is the tens digit of k?
9
Let c = 5313 - 1027. What is the tens digit of c?
8
Let a(t) = t**3 - 38*t**2 + 13*t - 125. What is the hundreds digit of a(40)?
5
Let f = -1718 + 3324. What is the hundreds digit of f?
6
Suppose -s = 5*b - 29, 4*s - 3*b = 8*s - 31. Suppose 2*q = s*y - 3*q - 286, 0 = 5*y + 3*q - 339. What is the tens digit of y?
6
Let g = 97 + 202. Let a = 449 - g. What is the hundreds digit of a?
1
Suppose -4*w = -0*w - 40. Suppose y = -0*y + 3*f + 10, -5*f = -w. What is the units digit of y?
6
Let r = 9 + -15. What is the units digit of (59/2 - 3)/((-3)/r)?
3
Let i(g) = g**2 + 16. Let p = 7 - 17. Let b be p + 10 - (0 + 0). What is the tens digit of i(b)?
1
Let n(p) be the first derivative of 8 + 17*p - 13/2*p**2. What is the units digit of n(-4)?
9
Suppose 118*q - 618 = 115*q. What is the units digit of q?
6
Suppose 0 = 6*d - 48 + 486. Let u = d - -192. What is the units digit of u?
9
Let i(t) = -2*t**3 - 8*t**2 + 3*t + 35. What is the thousands digit of i(-10)?
1
Let b(z) = -z**2 + 11*z + 6. Let p be b(9). Let c = p - 18. Suppose c = -8*f + 9*f. What is the units digit of f?
6
Suppose 0 = -7*p + p + 60. Suppose p*i - 1242 = i. What is the hundreds digit of i?
1
What is the tens digit of (-6 - -12) + (1 - -349)?
5
Let r(u) = u + 13. Let v be r(-7). Suppose 4*a = 2 + v. Suppose -x + 49 = 4*d, 5*d = -a*x + 38 + 27. What is the units digit of d?
1
Suppose -m - m - 4153 = -3*z, 4*z - 5*m - 5528 = 0. What is the thousands digit of z?
1
Suppose -6922 = -7*q + 1996. What is the tens digit of q?
7
Let p = -1 + 7. Let j = p - 4. Suppose -3*q = -6*r + j*r + 138, -4*r - 5*q = -122. What is the tens digit of r?
3
Let t(z) = -6*z - 5. Let u be t(-4). Let p be 8/18*(14/4 - -1). Suppose -2*b + 33 = p*v + 3*b, -u = -v - 2*b. What is the tens digit of v?
2
Suppose 27*x = 19*x + 18912. What is the tens digit of x?
6
Let v(a) = a**3 + a**2 - 3*a - 41. What is the thousands digit of v(14)?
2
Suppose d - 11 = 4. Suppose -d*x - 105 = -16*x. What is the units digit of x?
5
Let f = 5 - -4. Suppose -7*w - 20 = -f*w. What is the tens digit of w?
1
Let z = 67 - 67. Suppose 10*n - 4*n - 366 = z. What is the tens digit of n?
6
Let c(a) = 32*a + 10. What is the units digit of c(6)?
2
Let x(p) = p**2 - 46*p - 455. What is the thousands digit of x(-26)?
1
Let w(z) = -z**3 - 19*z**2 + 29*z - 30. What is the hundreds digit of w(-21)?
2
Suppose -3*c + 0*c - n + 15 = 0, -3*n = 4*c - 20. Suppose -1481 = -c*h + 184. Suppose -4*l = 101 - h. What is the tens digit of l?
5
Let t(f) = -f**3 + 11*f**2 - 7*f - 8. Let c be (-1 + -1)*91/(-14). Suppose 3 - c = -w. What is the tens digit of t(w)?
2
Let f = -18 + 86. Let p = f + -5. What is the tens digit of p?
6
Let k = 2 - -24. Let u = -1 + k. Let g = -6 + u. What is the units digit of g?
9
What is the thousands digit of 44/11*2066/8?
1
Let z(v) be the third derivative of v**4/24 - v**3/3 - 7*v**2. Let q be z(2). Suppose g - 32 = -q*g. What is the units digit of g?
2
Suppose p + 2*p - 33 = 0. Suppose 5*s = -3*t + 31, s + 2*t + 2 = p. Suppose 75 = s*x + 5*y, 3*x - 49 = 2*y - y. What is the units digit of x?
6
Suppose -2*u = -4*c + 42, u = 9*c - 6*c - 30. What is the tens digit of (1 + 0)/(c/2070)?
3
Suppose y - 1538 = 3*a, 4*a + 3072 = 9*y - 7*y. What is the units digit of y?
2
Let l(m) = -5*m - 1. Let a be l(12). Let h = a - -159. What is the tens digit of h?
9
Let y(i) = -17*i**3 - i**2 + i + 1. Let l be y(1). What is the hundreds digit of (-24)/l*(-398)/(-3)?
1
Let f(w) = -w**3 + 7*w**2 - 6*w + 3. Let l be 1/3 + 8/3. Suppose -l = -2*a - 3*u, 0*a - 21 = -2*a + 3*u. What is the units digit of f(a)?
3
Let r(n) = n**2 + 9*n + 12. Suppose -3*i - 8 = -2*i. What is the units digit of r(i)?
4
Let q be 0 + (4 - (-4 + 0)). Suppose -q*p + 17*p - 855 = 0. What is the units digit of p?
5
Let a(p) = p**2 + 11*p + 16. 